{"id":170,"date":"2024-11-15T04:12:03","date_gmt":"2024-11-15T03:12:03","guid":{"rendered":"https:\/\/associationshan.org\/?page_id=170"},"modified":"2024-11-15T04:21:47","modified_gmt":"2024-11-15T03:21:47","slug":"who-is-who","status":"publish","type":"page","link":"https:\/\/associationshan.org\/index.php\/who-is-who\/","title":{"rendered":"Who is Who"},"content":{"rendered":"\n<p><\/p>\n\n\n\n<p class=\"has-medium-font-size\"><strong>Amad Maholida<\/strong><\/p>\n\n\n\n<p class=\"has-small-font-size\">Docteur en m\u00e9decine chinoise&nbsp;<\/p>\n\n\n\n<p class=\"has-small-font-size\">N\u00e9 \u00e0 Madagascar dans une famille de praticiens de m\u00e9decine traditionnelle- Maholida est sensibilis\u00e9 d\u00e8s son plus jeune \u00e2ge aux massages traditionnels ainsi qu\u2019\u00e0 l\u2019usage m\u00e9dical des plantes locales.<\/p>\n\n\n\n<p class=\"has-small-font-size\">De p\u00e8re Comorien, il r\u00e9alise une partie de son cursus scolaire \u00e0 Moroni o\u00f9 il obtient son Baccalaur\u00e9at C en 1982. L\u2019ann\u00e9e suivante, il remporte un concours organis\u00e9 par l\u2019ambassade de Chine aux Comores qui lui octroie une bourse d\u2019\u00e9tude gr\u00e2ce \u00e0 laquelle il part \u00e9tudier en Chine. Il commence par effectuer un dipl\u00f4me de chinois moderne \u00e0 l\u2019Institut des langues de P\u00e9kin, avant d\u2019encha\u00eener, en 1985, des \u00e9tudes de M\u00e9decine chinoise au d\u00e9partement d\u2019acupuncture et de m\u00e9decine traditionnelle \u00e0 l\u2019Universit\u00e9 de Nanjing. Il y obtient son dipl\u00f4me de Physicien en M\u00e9decine chinoise en 1990. Il continue de mani\u00e8re tr\u00e8s assidue sa pratique aupr\u00e8s de grands professeurs tels que Pr. Wang lingling, Pr. Yangzaoming, P. Xuhengze,et Pr Mei jianhan &nbsp;<\/p>\n\n\n\n<p class=\"has-small-font-size\">Dans la m\u00eame universit\u00e9, il d\u00e9bute en 1995, un Master en m\u00e9decine chinoise. Sa recherche est orient\u00e9e sur l\u2019utilisation de la pharmacop\u00e9e chinoise dans le domaine de la gastroent\u00e9rologie. En 1998, il soutient brillamment sa th\u00e8se et rentre dans son pays d\u2019origine \u00e0 Moroni o\u00f9 il commence sa pratique en cabinet priv\u00e9.<\/p>\n\n\n\n<p class=\"has-small-font-size\">En 2003, il est de retour \u00e0 Nanjing o\u00f9 il entame un programme de doctorat au sein du d\u00e9partement de l\u2019acupuncture et du tuina (massage). Son sujet de th\u00e8se repose sur la technique du traitement de la d\u00e9pression.<\/p>\n\n\n\n<p class=\"has-small-font-size\">En 2007, Maholida re\u00e7oit le titre de Professeur de l\u2019Universit\u00e9 de M\u00e9decine traditionnelle chinoise de Nanjing. Il collabore depuis avec ce m\u00eame \u00e9tablissement et g\u00e8re l\u2019encadrement de candidats europ\u00e9ens aux programmes de Bachelor, Master et PhD.<\/p>\n\n\n\n<p class=\"has-small-font-size\">Il pratique dans diff\u00e9rents lieux entre les Comores, l\u2019Irlande et la France. Il est actif dans diverses \u00e9coles o\u00f9 il est \u00e0 la fois enseignant et interpr\u00e8te des professeurs chinois invit\u00e9s.<\/p>\n\n\n\n<p class=\"has-small-font-size\">Depuis 2014, il exerce \u00e0 Sion, en Suisse, dans le Cabinet M\u00e9dical de Nutrition et d\u2019Esth\u00e9tique. Parall\u00e8lement, il continue d\u2019enseigner dans le cadre de formations continues.<\/p>\n\n\n\n<p class=\"has-small-font-size\">Sa pratique est base sur l\u2019association de l\u2019acupuncture et de la pharmacop\u00e9e chinoise dans le traitement des pathologies complexes et pour lesquelles il se r\u00e9f\u00e8re essentiellement aux formules de plantes dites \u00ab d\u2019exp\u00e9rience \u00bb. En acupuncture, il se distingue en Europe pour son d\u00e9veloppement et sa ma\u00eetrise des techniques d\u2019aiguilles qu\u2019il met en particulier \u00e0 contribution dans le d\u00e9veloppement du traitement g\u00e9n\u00e9ral de la douleur ainsi que dans les pathologies d\u2019ordre neuro-\u00e9motionnelles.<\/p>\n\n\n\n<p><\/p>\n\n\n\n<p><strong>Marion<\/strong>: <strong>Secr\u00e9taire<\/strong><\/p>\n\n\n\n<p class=\"has-small-font-size\">Ma motivation est l\u2019envie d\u2019aider les autres en promouvant et en donnant acc\u00e8s \u00e0 la&nbsp; m\u00e9decine traditionnelle chinoise encore peu connue \u00e0 tout un chacun.&nbsp;<\/p>\n\n\n\n<p><\/p>\n\n\n\n<p><strong>Liliane:  Tr\u00e9sori\u00e8re<\/strong><\/p>\n\n\n\n<p class=\"has-small-font-size\">Ayant eu l\u2019occasion de tester l\u2019acupuncture sur diverses pathologies et d\u2019en ressentir les bienfaits sur le corps, il me tient \u00e0 coeur d\u2019aider \u00e0 faire conna\u00eetre cette m\u00e9thode afin qu\u2019un grand nombre de personnes puissent en b\u00e9n\u00e9ficier.&nbsp;<\/p>\n\n\n\n<p><\/p>\n","protected":false},"excerpt":{"rendered":"<p>Amad Maholida Docteur en m\u00e9decine chinoise&nbsp; N\u00e9 \u00e0 Madagascar dans une famille de praticiens de m\u00e9decine traditionnelle- Maholida est sensibilis\u00e9 d\u00e8s son plus jeune \u00e2ge aux massages traditionnels ainsi qu\u2019\u00e0 l\u2019usage m\u00e9dical des plantes locales. De p\u00e8re Comorien, il r\u00e9alise une partie de son cursus scolaire \u00e0 Moroni o\u00f9 il obtient son Baccalaur\u00e9at C en [&hellip;]<\/p>\n","protected":false},"author":1,"featured_media":0,"parent":0,"menu_order":0,"comment_status":"closed","ping_status":"closed","template":"","meta":{"footnotes":""},"class_list":["post-170","page","type-page","status-publish","hentry"],"_links":{"self":[{"href":"https:\/\/associationshan.org\/index.php\/wp-json\/wp\/v2\/pages\/170","targetHints":{"allow":["GET"]}}],"collection":[{"href":"https:\/\/associationshan.org\/index.php\/wp-json\/wp\/v2\/pages"}],"about":[{"href":"https:\/\/associationshan.org\/index.php\/wp-json\/wp\/v2\/types\/page"}],"author":[{"embeddable":true,"href":"https:\/\/associationshan.org\/index.php\/wp-json\/wp\/v2\/users\/1"}],"replies":[{"embeddable":true,"href":"https:\/\/associationshan.org\/index.php\/wp-json\/wp\/v2\/comments?post=170"}],"version-history":[{"count":3,"href":"https:\/\/associationshan.org\/index.php\/wp-json\/wp\/v2\/pages\/170\/revisions"}],"predecessor-version":[{"id":175,"href":"https:\/\/associationshan.org\/index.php\/wp-json\/wp\/v2\/pages\/170\/revisions\/175"}],"wp:attachment":[{"href":"https:\/\/associationshan.org\/index.php\/wp-json\/wp\/v2\/media?parent=170"}],"curies":[{"name":"wp","href":"https:\/\/api.w.org\/{rel}","templated":true}]}}